 factors of 19996.
2, 4999
What are the prime factors of 1120?
2, 5, 7
What are the prime factors of 9132?
2, 3, 761
What are the prime factors of 11168?
2, 349
List the prime factors of 470.
2, 5, 47
What are the prime factors of 5223?
3, 1741
What are the prime factors of 5440?
2, 5, 17
List the prime factors of 9403.
9403
What are the prime factors of 2950?
2, 5, 59
What are the prime factors of 38873?
38873
What are the prime factors of 22843?
53, 431
What are the prime factors of 42570?
2, 3, 5, 11, 43
What are the prime factors of 8649?
3, 31
What are the prime factors of 11022?
2, 3, 11, 167
List the prime factors of 3820.
2, 5, 191
List the prime factors of 499.
499
List the prime factors of 6887.
71, 97
What are the prime factors of 61615?
5, 12323
List the prime factors of 1674.
2, 3, 31
List the prime factors of 16809.
3, 13, 431
List the prime factors of 33311.
33311
List the prime factors of 22321.
13, 17, 101
What are the prime factors of 25131?
3, 8377
List the prime factors of 22916.
2, 17, 337
What are the prime factors of 5137?
11, 467
List the prime factors of 125.
5
List the prime factors of 859.
859
List the prime factors of 119.
7, 17
List the prime factors of 8010.
2, 3, 5, 89
What are the prime factors of 10613?
10613
What are the prime factors of 6434?
2, 3217
What are the prime factors of 20227?
113, 179
What are the prime factors of 13731?
3, 23, 199
List the prime factors of 508.
2, 127
List the prime factors of 1304.
2, 163
What are the prime factors of 365?
5, 73
What are the prime factors of 1620?
2, 3, 5
What are the prime factors of 1507?
11, 137
List the prime factors of 1919.
19, 101
List the prime factors of 6324.
2, 3, 17, 31
List the prime factors of 20452.
2, 5113
What are the prime factors of 1751?
17, 103
What are the prime factors of 16116?
2, 3, 17, 79
What are the prime factors of 10282?
2, 53, 97
List the prime factors of 3325.
5, 7, 19
What are the prime factors of 29297?
29297
List the prime factors of 2317.
7, 331
What are the prime factors of 4097?
17, 241
List the prime factors of 3729.
3, 11, 113
List the prime factors of 11320.
2, 5, 283
What are the prime factors of 119829?
3, 59, 677
What are the prime factors of 20802?
2, 3, 3467
What are the prime factors of 13043?
13043
What are the prime factors of 139?
139
What are the prime factors of 4165?
5, 7, 17
List the prime factors of 1215.
3, 5
List the prime factors of 9987.
3, 3329
What are the prime factors of 3071?
37, 83
List the prime factors of 25292.
2, 6323
List the prime factors of 2745.
3, 5, 61
List the prime factors of 13833.
3, 29, 53
What are the prime factors of 1858?
2, 929
List the prime factors of 15659.
7, 2237
List the prime factors of 94381.
7, 97, 139
List the prime factors of 143383.
127, 1129
List the prime factors of 39413.
11, 3583
What are the prime factors of 55362?
2, 3, 9227
What are the prime factors of 11073?
3, 3691
List the prime factors of 26972.
2, 11, 613
List the prime factors of 5935.
5, 1187
What are the prime factors of 28588?
2, 7, 1021
List the prime factors of 2462.
2, 1231
What are the prime factors of 11791?
13, 907
List the prime factors of 117201.
3, 7, 5581
List the prime factors of 17625.
3, 5, 47
List the prime factors of 2127.
3, 709
List the prime factors of 1281.
3, 7, 61
What are the prime factors of 1150?
2, 5, 23
What are the prime factors of 40102?
2, 20051
What are the prime factors of 23359?
7, 47, 71
What are the prime factors of 37458?
2, 3, 2081
What are the prime factors of 1698?
2, 3, 283
List the prime factors of 19939.
127, 157
What are the prime factors of 106729?
7, 79, 193
List the prime factors of 1890.
2, 3, 5, 7
What are the prime factors of 76580?
2, 5, 7, 547
List the prime factors of 5751.
3, 71
What are the prime factors of 4134?
2, 3, 13, 53
What are the prime factors of 184322?
2, 23, 4007
List the prime factors of 106106.
2, 7, 11, 13, 53
List the prime factors of 6077.
59, 103
List the prime factors of 146.
2, 73
What are the prime factors of 11043?
3, 409
What are the prime factors of 754?
2, 13, 29
What are the prime factors of 252?
2, 3, 7
What are the prime factors of 7582?
2, 17, 223
List the prime factors of 314.
2, 157
List the prime factors of 5974.
2, 29, 103
List the prime factors of 308.
2, 7, 11
What are the prime factors of 60013?
60013
List the prime factors of 4862.
2, 11, 13, 17
What are the prime factors of 878?
2, 439
What are the prime factors of 877?
877
List the prime factors of 132.
2, 3, 11
List the prime factors of 1898.
2, 13, 73
What are the prime factors of 2706?
2, 3, 11, 41
List the prime factors of 477.
3, 53
List the prime factors of 27958.
2, 7, 1997
List the prime factors of 852.
2, 3, 71
List the prime factors of 14603.
17, 859
List the prime factors of 3575.
5, 11, 13
List the prime factors of 1295.
5, 7, 37
List the prime factors of 124815.
3, 5, 53, 157
List the prime factors of 4416.
2, 3, 23
List the prime factors of 55281.
3, 18427
List the prime factors of 6244.
2, 7, 223
List the prime factors of 2421.
3, 269
What are the prime factors of 87?
3, 29
List the prime factors of 8335.
5, 1667
What are the prime factors of 72528?
2, 3, 1511
What are the prime factors of 460?
2, 5, 23
What are the prime factors of 2614?
2, 1307
What are the prime factors of 1295?
5, 7, 37
What are the prime factors of 3068?
2, 13, 59
List the prime factors of 50660.
2, 5, 17, 149
What are the prime factors of 744?
2, 3, 31
List the prime factors of 4957.
4957
What are the prime factors of 56460?
2, 3, 5, 941
What are the prime factors of 53231?
53231
What are the prime factors of 364?
2, 7, 13
List the prime factors of 818.
2, 409
What are the prime factors of 4982?
2, 47, 53
List the prime factors of 1537.
29, 53
What are the prime factors of 3054?
2, 3, 509
What are the prime factors of 58094?
2, 31, 937
What are the prime factors of 33205?
5, 29, 229
List the prime factors of 22035.
3, 5, 13, 113
What are the prime factors of 13213?
73, 181
What are the prime factors of 821?
821
List the prime factors of 1768.
2, 13, 17
What are the prime factors of 665?
5, 7, 19
What are the prime factors of 1342?
2, 11, 61
List the prime factors of 572.
2, 11, 13
List the prime factors of 1066.
2, 13, 41
List the prime factors of 1769.
29, 61
What are the prime factors of 19014?
2, 3, 3169
What are the prime factors of 99293?
31, 3203
What are the prime factors of 80492?
2, 20123
What are the prime factors of 6721?
11, 13, 47
What are the prime factors of 41835?
3, 5, 2789
What are the prime factors of 476?
2, 7, 17
List the prime factors of 7975.
5, 11, 29
List the prime factors of 3226.
2, 1613
What are the prime factors of 11555?
5, 2311
What are the prime factors of 792?
2, 3, 11
What are the prime factors of 337?
337
List the prime factors of 3512.
2, 439
What are the prime factors of 1434?
2, 3, 239
List the prime factors of 295.
5, 59
What are the prime factors of 3670?
2, 5, 367
What are the prime factors of 3193?
31, 103
What are the prime factors of 13601?
7, 29, 67
What are the prime factors of 537?
3, 179
What are the prime factors of 12054?
2, 3, 7, 41
What are the prime factors of 726?
2, 3, 11
What are the prime factors of 538?
2, 269
List the prime factors of 975.
3, 5, 13
List the prime factors of 2215.
5, 443
List the prime factors of 1937.
13, 149
List the prime factors of 1361.
1361
List the prime factors of 40468.
2, 67, 151
List the prime factors of 6351.
3, 29, 73
List the prime factors of 17483.
17483
List the prime factors of 24376.
2, 11, 277
List the prime factors of 3592.
2, 449
List the prime factors of 18305.
5, 7, 523
List the prime factors of 2062.
2, 1031
List the prime factors of 1880.
2, 5, 47
List the prime factors of 13991.
17, 823
What are the prime factors of 1167?
3, 389
What are the prime factors of 25053?
3, 7, 1193
List the prime factors of 54137.
43, 1259
List the prime factors of 5999.
7, 857
What are the prime factors of 16361?
16361
List the prime factors of 113612.
2, 28403
List the prime factors of 94667.
137, 691
What are the prime factors of 1695?
3, 5, 113
List the prime factors of 4243.
4243
List the prime factors of 695.
5, 139
List the prime factors of 3934.
2, 7, 281
What are the prime factors of 